{"id":174,"date":"2022-11-14T16:24:51","date_gmt":"2022-11-14T15:24:51","guid":{"rendered":"http:\/\/wpentwicklung.nyqaveca.cyon.site\/?page_id=174"},"modified":"2023-06-01T15:00:44","modified_gmt":"2023-06-01T13:00:44","slug":"infos","status":"publish","type":"page","link":"https:\/\/wpentwicklung.nyqaveca.cyon.site\/index.php\/infos\/","title":{"rendered":"Infos"},"content":{"rendered":"<p>[et_pb_section fb_built=&#187;1&#8243; fullwidth=&#187;on&#187; admin_label=&#187;Hero Section&#187; _builder_version=&#187;4.16&#8243; saved_tabs=&#187;all&#187; global_colors_info=&#187;{}&#187;][et_pb_fullwidth_header subhead=&#187;Infos&#187; text_orientation=&#187;center&#187; background_overlay_color=&#187;rgba(36,36,33,0.4)&#187; content_max_width=&#187;550px&#187; _builder_version=&#187;4.21.0&#8243; title_font=&#187;Poppins|700||on|||||&#187; title_text_align=&#187;center&#187; title_text_color=&#187;#edbb5f&#187; title_font_size=&#187;14px&#187; title_letter_spacing=&#187;2px&#187; title_line_height=&#187;1.4em&#187; content_font=&#187;Poppins|600||on|||||&#187; content_text_color=&#187;#FCFBF5&#8243; content_font_size=&#187;17px&#187; content_letter_spacing=&#187;1px&#187; content_line_height=&#187;1.8em&#187; subhead_font=&#187;Bodoni Moda|700|on||||||&#187; subhead_text_align=&#187;center&#187; subhead_text_color=&#187;#FCFBF5&#8243; subhead_font_size=&#187;51px&#187; subhead_letter_spacing=&#187;2px&#187; subhead_line_height=&#187;1.4em&#187; background_color=&#187;rgba(255, 255, 255, 0)&#187; background_image=&#187;https:\/\/wpentwicklung.nyqaveca.cyon.site\/wp-content\/uploads\/2023\/06\/headerbild-scaled.jpg&#187; parallax=&#187;on&#187; parallax_method=&#187;on&#187; custom_button_one=&#187;on&#187; button_one_border_width=&#187;1px&#187; button_one_border_color=&#187;rgba(255,255,255,0.3)&#187; button_one_border_radius=&#187;0px&#187; button_one_letter_spacing=&#187;1px&#187; button_one_font=&#187;Saira Extra Condensed|600||on|||||&#187; button_one_icon=&#187;&#x24;||divi||400&#8243; button_one_icon_color=&#187;#edbb5f&#187; custom_button_two=&#187;on&#187; button_two_border_width=&#187;1px&#187; button_two_border_color=&#187;rgba(255,255,255,0.3)&#187; button_two_border_radius=&#187;0px&#187; button_two_letter_spacing=&#187;1px&#187; button_two_font=&#187;Saira Extra Condensed|600||on|||||&#187; button_two_icon=&#187;&#x24;||divi||400&#8243; button_two_icon_color=&#187;#edbb5f&#187; module_alignment=&#187;right&#187; height=&#187;410px&#187; custom_margin=&#187;|||&#187; custom_padding=&#187;100px||8%||false|false&#187; custom_padding_tablet=&#187;100px||130px||false|false&#187; custom_padding_phone=&#187;80px||80px||false|false&#187; custom_padding_last_edited=&#187;on|tablet&#187; hover_enabled=&#187;0&#8243; button_one_text_color_hover=&#187;#edbb5f&#187; button_two_text_color_hover=&#187;#edbb5f&#187; button_one_bg_color_hover=&#187;rgba(0,0,0,0)&#187; button_two_bg_color_hover=&#187;rgba(0,0,0,0)&#187; global_colors_info=&#187;{}&#187; button_one_text_size__hover_enabled=&#187;off&#187; button_two_text_size__hover_enabled=&#187;off&#187; button_one_text_color__hover_enabled=&#187;on&#187; button_one_text_color__hover=&#187;#edbb5f&#187; button_two_text_color__hover_enabled=&#187;on&#187; button_two_text_color__hover=&#187;#edbb5f&#187; button_one_border_width__hover_enabled=&#187;off&#187; button_two_border_width__hover_enabled=&#187;off&#187; button_one_border_color__hover_enabled=&#187;off&#187; button_two_border_color__hover_enabled=&#187;off&#187; button_one_border_radius__hover_enabled=&#187;off&#187; button_two_border_radius__hover_enabled=&#187;off&#187; button_one_letter_spacing__hover_enabled=&#187;off&#187; button_two_letter_spacing__hover_enabled=&#187;off&#187; button_one_bg_color__hover_enabled=&#187;on&#187; button_one_bg_color__hover=&#187;rgba(0,0,0,0)&#187; button_two_bg_color__hover_enabled=&#187;on&#187; button_two_bg_color__hover=&#187;rgba(0,0,0,0)&#187; sticky_enabled=&#187;0&#8243;]<\/p>\n<p style=\"text-align: center;\">die wichtigsten informationen f\u00fcr<br \/>unsere patient\/innen<\/p>\n<p>[\/et_pb_fullwidth_header][\/et_pb_section][et_pb_section fb_built=&#187;1&#8243; _builder_version=&#187;4.19.0&#8243; _module_preset=&#187;default&#187; background_color=&#187;#FCFBF5&#8243; custom_padding=&#187;0px||0px||false|false&#187; global_colors_info=&#187;{}&#187;][et_pb_row use_custom_gutter=&#187;on&#187; gutter_width=&#187;0&#8243; _builder_version=&#187;4.21.0&#8243; custom_padding=&#187;0px|0px|0px|0px|false|false&#187; global_colors_info=&#187;{}&#187;][et_pb_column type=&#187;4_4&#8243; _builder_version=&#187;4.16&#8243; custom_padding=&#187;|||&#187; global_colors_info=&#187;{}&#187; custom_padding__hover=&#187;|||&#187;][et_pb_cta button_url=&#187;#&#187; button_text=&#187;T 0840 61 61 61&#8243; _builder_version=&#187;4.21.0&#8243; header_font=&#187;Poppins|700||on|||||&#187; header_font_size=&#187;14px&#187; header_letter_spacing=&#187;2px&#187; header_line_height=&#187;2em&#187; body_font=&#187;Poppins|700||on|||||&#187; body_text_color=&#187;#075885&#8243; body_font_size=&#187;22px&#187; body_letter_spacing=&#187;2px&#187; body_line_height=&#187;1.3em&#187; background_color=&#187;#B6D383&#8243; custom_button=&#187;on&#187; button_text_size=&#187;14px&#187; button_text_color=&#187;#FCFBF5&#8243; button_bg_color=&#187;#075885&#8243; button_border_width=&#187;0px&#187; button_border_color=&#187;#FCFBF5&#8243; button_border_radius=&#187;100px&#187; button_letter_spacing=&#187;1px&#187; button_font=&#187;Poppins|600||on|||||&#187; button_icon=&#187;&#x35;||divi||400&#8243; max_width=&#187;520px&#187; module_alignment=&#187;center&#187; custom_margin=&#187;-100px||||false|false&#187; custom_padding=&#187;60px||60px|&#187; animation_style=&#187;slide&#187; animation_direction=&#187;bottom&#187; animation_intensity_slide=&#187;10%&#187; animation_starting_opacity=&#187;100%&#187; box_shadow_style=&#187;preset3&#8243; box_shadow_vertical=&#187;15px&#187; box_shadow_blur=&#187;80px&#187; box_shadow_color=&#187;rgba(0,0,0,0.15)&#187; button_border_radius_hover=&#187;1px&#187; locked=&#187;off&#187; global_colors_info=&#187;{}&#187; button_text_size__hover_enabled=&#187;off&#187; button_one_text_size__hover_enabled=&#187;off&#187; button_two_text_size__hover_enabled=&#187;off&#187; button_text_color__hover_enabled=&#187;off&#187; button_one_text_color__hover_enabled=&#187;off&#187; button_two_text_color__hover_enabled=&#187;off&#187; button_border_width__hover_enabled=&#187;off&#187; button_one_border_width__hover_enabled=&#187;off&#187; button_two_border_width__hover_enabled=&#187;off&#187; button_border_color__hover_enabled=&#187;off&#187; button_one_border_color__hover_enabled=&#187;off&#187; button_two_border_color__hover_enabled=&#187;off&#187; button_border_radius__hover_enabled=&#187;on|hover&#187; button_border_radius__hover=&#187;100px&#187; button_one_border_radius__hover_enabled=&#187;off&#187; button_two_border_radius__hover_enabled=&#187;off&#187; button_letter_spacing__hover_enabled=&#187;off&#187; button_one_letter_spacing__hover_enabled=&#187;off&#187; button_two_letter_spacing__hover_enabled=&#187;off&#187; button_bg_color__hover_enabled=&#187;on|hover&#187; button_one_bg_color__hover_enabled=&#187;off&#187; button_two_bg_color__hover_enabled=&#187;off&#187; button_bg_color__hover=&#187;#02397c&#187; button_bg_enable_color__hover=&#187;on&#187;]<\/p>\n<p>\u00c4rztlicher Notfalldienst<\/p>\n<p>[\/et_pb_cta][\/et_pb_column][\/et_pb_row][\/et_pb_section][et_pb_section fb_built=&#187;1&#8243; custom_padding_last_edited=&#187;on|phone&#187; admin_label=&#187;Problem and Solution&#187; _builder_version=&#187;4.21.0&#8243; background_color=&#187;#FCFBF5&#8243; custom_padding=&#187;100px|0px|100px|0px&#187; custom_padding_tablet=&#187;100px|40px|100px|40px|false|false&#187; custom_padding_phone=&#187;|20px||20px|false|false&#187; global_colors_info=&#187;{}&#187;][et_pb_row _builder_version=&#187;4.21.0&#8243; _module_preset=&#187;default&#187; width_tablet=&#187;100%&#187; width_phone=&#187;100%&#187; width_last_edited=&#187;on|tablet&#187; custom_padding=&#187;0px||||false|false&#187; global_colors_info=&#187;{}&#187;][et_pb_column type=&#187;4_4&#8243; _builder_version=&#187;4.19.0&#8243; _module_preset=&#187;default&#187; global_colors_info=&#187;{}&#187;][et_pb_text _builder_version=&#187;4.21.0&#8243; _module_preset=&#187;default&#187; text_font=&#187;Bodoni Moda|700|||||||&#187; text_text_color=&#187;#075885&#8243; text_font_size=&#187;33px&#187; text_letter_spacing=&#187;0.4px&#187; text_line_height=&#187;1.3em&#187; global_colors_info=&#187;{}&#187;]<\/p>\n<p style=\"text-align: center;\">Notfall<\/p>\n<p>[\/et_pb_text][\/et_pb_column][\/et_pb_row][et_pb_row column_structure=&#187;1_2,1_2&#8243; _builder_version=&#187;4.21.0&#8243; _module_preset=&#187;default&#187; width_tablet=&#187;100%&#187; width_phone=&#187;100%&#187; width_last_edited=&#187;on|tablet&#187; custom_padding=&#187;||0px||false|false&#187; global_colors_info=&#187;{}&#187;][et_pb_column type=&#187;1_2&#8243; _builder_version=&#187;4.19.0&#8243; _module_preset=&#187;default&#187; global_colors_info=&#187;{}&#187;][et_pb_text _builder_version=&#187;4.21.0&#8243; _module_preset=&#187;default&#187; text_font=&#187;Poppins|300|||||||&#187; text_text_color=&#187;#242421&#8243; text_font_size=&#187;17px&#187; text_letter_spacing=&#187;1px&#187; text_line_height=&#187;1.8em&#187; global_colors_info=&#187;{}&#187;]<\/p>\n<p>In dringenden Notf\u00e4llen wenden Sie sich an die Notfallzentren des Spital Will und Frauenfeld oder eine der nebenstehenden Notrufnummern.<\/p>\n<p>Die Notfallnummer ist immer auf den diensthabenden Notfallarzt geschaltet.<br \/>Nachts zwischen 22.00 \u2013 07.30 Uhr wird meistens auf den Dienstarzt des Spitals Schwyz umgeschaltet, welcher bei Bedarf den Notfallarzt aufbieten kann.<\/p>\n<p>[\/et_pb_text][\/et_pb_column][et_pb_column type=&#187;1_2&#8243; _builder_version=&#187;4.19.0&#8243; _module_preset=&#187;default&#187; global_colors_info=&#187;{}&#187;][et_pb_text _builder_version=&#187;4.19.0&#8243; _module_preset=&#187;default&#187; text_font=&#187;Poppins|300|||||||&#187; text_text_color=&#187;#075885&#8243; text_font_size=&#187;17px&#187; text_letter_spacing=&#187;1px&#187; text_line_height=&#187;1.8em&#187; custom_margin=&#187;||15px|||&#187; global_colors_info=&#187;{}&#187;]<\/p>\n<table border=\"1\" style=\"border-collapse: collapse; width: 100%; height: 168px;\">\n<tbody>\n<tr style=\"height: 24px;\">\n<td style=\"width: 50%; height: 24px;\"><span>Notruf Rettungsdienst<\/span><\/td>\n<td style=\"width: 50%; height: 24px;\">144<\/td>\n<\/tr>\n<tr style=\"height: 24px;\">\n<td style=\"width: 50%; height: 24px;\"><span>REGA<\/span><\/td>\n<td style=\"width: 50%; height: 24px;\">1414<\/td>\n<\/tr>\n<tr style=\"height: 24px;\">\n<td style=\"width: 50%; height: 24px;\"><span>Vergiftungsnotf\u00e4lle<\/span><\/td>\n<td style=\"width: 50%; height: 24px;\">145<\/td>\n<\/tr>\n<tr style=\"height: 24px;\">\n<td style=\"width: 50%; height: 24px;\"><span>Polizei<\/span><\/td>\n<td style=\"width: 50%; height: 24px;\">117<\/td>\n<\/tr>\n<tr style=\"height: 24px;\">\n<td style=\"width: 50%; height: 24px;\"><span>Feuerwehr<\/span><\/td>\n<td style=\"width: 50%; height: 24px;\">118<\/td>\n<\/tr>\n<tr style=\"height: 24px;\">\n<td style=\"width: 50%; height: 24px;\"><span>Dargebotene Hand<\/span><\/td>\n<td style=\"width: 50%; height: 24px;\">143<\/td>\n<\/tr>\n<tr style=\"height: 24px;\">\n<td style=\"width: 50%; height: 24px;\"><span>Telefon-Hilfe f\u00fcr Kinder und Jugendliche<\/span><\/td>\n<td style=\"width: 50%; height: 24px;\">147<\/td>\n<\/tr>\n<\/tbody>\n<\/table>\n<p>[\/et_pb_text][\/et_pb_column][\/et_pb_row][\/et_pb_section][et_pb_section fb_built=&#187;1&#8243; custom_padding_last_edited=&#187;on|phone&#187; admin_label=&#187;Problem and Solution&#187; _builder_version=&#187;4.21.0&#8243; background_color=&#187;#FCFBF5&#8243; custom_padding=&#187;100px|0px|100px|0px&#187; custom_padding_tablet=&#187;100px|40px|100px|40px|false|false&#187; custom_padding_phone=&#187;|20px||20px|false|false&#187; global_colors_info=&#187;{}&#187;][et_pb_row _builder_version=&#187;4.21.0&#8243; _module_preset=&#187;default&#187; width_tablet=&#187;100%&#187; width_phone=&#187;100%&#187; width_last_edited=&#187;on|tablet&#187; custom_padding=&#187;0px||||false|false&#187; global_colors_info=&#187;{}&#187;][et_pb_column type=&#187;4_4&#8243; _builder_version=&#187;4.19.0&#8243; _module_preset=&#187;default&#187; global_colors_info=&#187;{}&#187;][et_pb_text _builder_version=&#187;4.21.0&#8243; _module_preset=&#187;default&#187; text_font=&#187;Bodoni Moda|700|||||||&#187; text_text_color=&#187;#075885&#8243; text_font_size=&#187;33px&#187; text_letter_spacing=&#187;0.4px&#187; text_line_height=&#187;1.3em&#187; global_colors_info=&#187;{}&#187;]<\/p>\n<p style=\"text-align: center;\">Unser Telefon ist bedient von\u2026<\/p>\n<p>[\/et_pb_text][\/et_pb_column][\/et_pb_row][et_pb_row _builder_version=&#187;4.21.0&#8243; _module_preset=&#187;default&#187; width_tablet=&#187;100%&#187; width_phone=&#187;100%&#187; width_last_edited=&#187;on|tablet&#187; custom_padding=&#187;||0px||false|false&#187; global_colors_info=&#187;{}&#187;][et_pb_column type=&#187;4_4&#8243; _builder_version=&#187;4.19.0&#8243; _module_preset=&#187;default&#187; global_colors_info=&#187;{}&#187;][et_pb_text module_class=&#187;open-table&#187; _builder_version=&#187;4.21.0&#8243; _module_preset=&#187;default&#187; text_font=&#187;Poppins|700||on|||||&#187; text_text_color=&#187;#242421&#8243; text_font_size=&#187;17px&#187; text_letter_spacing=&#187;2px&#187; text_line_height=&#187;1.3em&#187; text_orientation=&#187;center&#187; custom_margin=&#187;||||false|false&#187; global_colors_info=&#187;{}&#187;]<\/p>\n<p>Montag bis Freitag: 08:00 \u2013 12.00 Uhr<\/p>\n<p>[\/et_pb_text][et_pb_text _builder_version=&#187;4.21.0&#8243; _module_preset=&#187;default&#187; text_font=&#187;Poppins|300|||||||&#187; text_text_color=&#187;#242421&#8243; text_font_size=&#187;17px&#187; text_letter_spacing=&#187;1px&#187; text_line_height=&#187;1.8em&#187; text_orientation=&#187;center&#187; custom_padding=&#187;||||false|false&#187; global_colors_info=&#187;{}&#187;]<\/p>\n<p>Sprechstunden nach Vereinbarung<\/p>\n<p>[\/et_pb_text][et_pb_text _builder_version=&#187;4.21.0&#8243; _module_preset=&#187;default&#187; text_font=&#187;Poppins|300|||||||&#187; text_text_color=&#187;#242421&#8243; text_font_size=&#187;17px&#187; text_letter_spacing=&#187;1px&#187; text_line_height=&#187;1.8em&#187; text_orientation=&#187;center&#187; max_width=&#187;550px&#187; module_alignment=&#187;center&#187; custom_margin=&#187;||15px|||&#187; global_colors_info=&#187;{}&#187;]<\/p>\n<p>Gerne d\u00fcrfen Sie uns jederzeit per Mail kontaktieren. Wir bem\u00fchen uns, Ihnen baldm\u00f6glichst zu antworten<\/p>\n<p>[\/et_pb_text][\/et_pb_column][\/et_pb_row][\/et_pb_section]<\/p>\n","protected":false},"excerpt":{"rendered":"<p>die wichtigsten informationen f\u00fcrunsere patient\/innen\u00c4rztlicher NotfalldienstNotfallIn dringenden Notf\u00e4llen wenden Sie sich an die Notfallzentren des Spital Will und Frauenfeld oder eine der nebenstehenden Notrufnummern. Die Notfallnummer ist immer auf den diensthabenden Notfallarzt geschaltet.Nachts zwischen 22.00 \u2013 07.30 Uhr wird meistens auf den Dienstarzt des Spitals Schwyz umgeschaltet, welcher bei Bedarf den Notfallarzt aufbieten kann. Notruf [&hellip;]<\/p>\n","protected":false},"author":1,"featured_media":0,"parent":0,"menu_order":0,"comment_status":"closed","ping_status":"closed","template":"","meta":{"_et_pb_use_builder":"on","_et_pb_old_content":"<!-- wp:divi\/placeholder \/-->","_et_gb_content_width":"","footnotes":""},"class_list":["post-174","page","type-page","status-publish","hentry"],"acf":[],"_links":{"self":[{"href":"https:\/\/wpentwicklung.nyqaveca.cyon.site\/index.php\/wp-json\/wp\/v2\/pages\/174","targetHints":{"allow":["GET"]}}],"collection":[{"href":"https:\/\/wpentwicklung.nyqaveca.cyon.site\/index.php\/wp-json\/wp\/v2\/pages"}],"about":[{"href":"https:\/\/wpentwicklung.nyqaveca.cyon.site\/index.php\/wp-json\/wp\/v2\/types\/page"}],"author":[{"embeddable":true,"href":"https:\/\/wpentwicklung.nyqaveca.cyon.site\/index.php\/wp-json\/wp\/v2\/users\/1"}],"replies":[{"embeddable":true,"href":"https:\/\/wpentwicklung.nyqaveca.cyon.site\/index.php\/wp-json\/wp\/v2\/comments?post=174"}],"version-history":[{"count":51,"href":"https:\/\/wpentwicklung.nyqaveca.cyon.site\/index.php\/wp-json\/wp\/v2\/pages\/174\/revisions"}],"predecessor-version":[{"id":1043,"href":"https:\/\/wpentwicklung.nyqaveca.cyon.site\/index.php\/wp-json\/wp\/v2\/pages\/174\/revisions\/1043"}],"wp:attachment":[{"href":"https:\/\/wpentwicklung.nyqaveca.cyon.site\/index.php\/wp-json\/wp\/v2\/media?parent=174"}],"curies":[{"name":"wp","href":"https:\/\/api.w.org\/{rel}","templated":true}]}}